 = 3*o. List the prime factors of o.
2, 3
Let w be (-3 - 0) + 1 - -2. Let k(c) = c + 30. Let h be k(w). Suppose -5*a + 10 = 0, a = j + j - h. List the prime factors of j.
2
Suppose -8 = -3*j + 2*a, j - 3*a + 4 = a. Suppose 106 - 14 = j*g. What are the prime factors of g?
23
Suppose 3*q + m + 3 = 0, 6 = 2*q - 4*q - 2*m. Let a(z) = q*z - 3*z + 0*z**2 + 0*z**2 + z**2. What are the prime factors of a(4)?
2
What are the prime factors of (260 + 3 - -6) + 1?
2, 3, 5
Suppose 3*n + 26 = 32. Suppose -4*j - 4*p + 412 = 0, p + 297 = n*j + j. List the prime factors of j.
2, 5
Suppose 37*t = 7*t + 19950. What are the prime factors of t?
5, 7, 19
What are the prime factors of 10/(-4)*(-612)/18?
5, 17
Suppose m = -5*h + 1 + 4, 4*m - 20 = 2*h. Let n(v) = v**3 - 4*v**2 - 3*v + 2. What are the prime factors of n(m)?
2, 3
What are the prime factors of 8 - -671 - (-2 - -6)?
3, 5
Let c(i) = 5 - 5 + i + 8. Let a be c(-8). Suppose a = -3*p + 4*x + 16, -4*x + 80 = 2*p + 3*p. List the prime factors of p.
2, 3
List the prime factors of 4014340/1278 - 2/18.
3, 349
Suppose 4*r - 2*i = -6*i + 3260, -3*r + 3*i = -2439. List the prime factors of r.
2, 11, 37
Suppose -5*j = -x + 461, 0 = -13*j + 17*j - 20. What are the prime factors of x?
2, 3
Suppose 0 = 5*f + 25 + 20. Let n be (4*f/(-12))/1. Suppose 80 = n*u - v, 128 = 4*u + 2*v + 2*v. What are the prime factors of u?
2, 7
Suppose 0 = -5*i + 25, -t + 2*i = -830 - 2305. What are the prime factors of t?
5, 17, 37
Let c be -44 - ((3 - 2) + 2). Let r = c - -18. Let k = r + 58. List the prime factors of k.
29
Suppose -3*r = 2*h - 47 - 45, -5*r = -5*h + 255. Let x = h + 6. List the prime factors of x.
5, 11
Let c(s) = -2*s**3 + 110*s - 18. List the prime factors of c(-12).
2, 3, 353
Let k(o) = -5*o - 3. Let s be k(-3). Suppose 825 = s*b + 201. List the prime factors of b.
2, 13
Let w(s) = -s**3 - 11*s**2 + 9*s + 21. What are the prime factors of w(-14)?
3, 7, 23
Let y(a) = -a**3 - 22*a**2 + 23*a + 9. Let x be y(-23). List the prime factors of 12/x*(-30)/(-5).
2
Let n(l) = -l**2 - 7*l + 28. Let d be n(-10). What are the prime factors of (-3 - d - -3) + -1 + 136?
137
Let a(w) = -w - 6. Let h be a(-10). Suppose 23 = 4*y - 4*x - 137, -2*x + h = 0. What are the prime factors of y?
2, 3, 7
Let v(t) = -39*t - 153. What are the prime factors of v(-14)?
3, 131
Suppose -13 = -3*w - 2*p + p, -3*p = w + 9. Suppose -o - 90 = -w*o. What are the prime factors of o?
2, 3
Let s(m) be the second derivative of -m**4/12 + 3*m**3/2 - 5*m**2 - m. Let z be s(7). What are the prime factors of (z - -2)*(-80)/(-24)?
2, 5
Suppose h = -q + 379, 3*q - 1382 = 5*h - 213. What are the prime factors of q?
383
Let a = 63 - 89. List the prime factors of ((-299)/a)/(2/4).
23
Let c(j) = -j**2 - 7*j - 10. Let d be c(-4). List the prime factors of (d + 2)*282/8.
3, 47
Let p = -10262 + 38162. What are the prime factors of p/341 + 2/11?
2, 41
Suppose 38*x = 16*x + 59928. What are the prime factors of x?
2, 3, 227
Let p(a) = -2*a**2 - 14*a + 13. Let x be p(-11). Suppose 4*r - 3*r = 4. What are the prime factors of r*(-2)/(24/x)?
5
Let z = -19 + 22. Suppose -3*q + 3*x + 24 = 0, -z*q = 2*q - 3*x - 30. Suppose 4*r = -3*b + 39, -q*b + 32 = r - 16. What are the prime factors of b?
17
Suppose 0 = -2*a - 4*j - 732 + 1964, -2*a + 1242 = 2*j. What are the prime factors of a?
2, 313
Suppose -84*y + 100158 + 67170 = 0. What are the prime factors of y?
2, 3, 83
Let o(r) = 10*r - 4. Let a be o(-6). Let l = a + 81. List the prime factors of l.
17
Suppose 0*n - 4*x = -n + 12, 5*n = x + 3. Suppose 4*d - 3*h - 395 = n, 493 = 5*d - 0*d - 3*h. List the prime factors of d.
2, 7
Suppose 4843*n - 4840*n = 300. What are the prime factors of n?
2, 5
Let f = -2024 + 3487. Suppose 10*p - f = -p. List the prime factors of p.
7, 19
Let s be 4 - 0/(-5) - 13. List the prime factors of 28/(-1)*s/6.
2, 3, 7
Let a = -12 - -20. Suppose 24*w = 28*w - 24. Let o = w + a. What are the prime factors of o?
2, 7
Suppose 5*l - 5*h = -0*h + 1505, -2*h + 307 = l. List the prime factors of l.
3, 101
Suppose 6*q - 7139 = q + 2*u, 3*u = -3*q + 4296. What are the prime factors of q?
1429
Let d = -2 - -6. Suppose -3*r - r + t - 85 = 0, 4*r + 100 = d*t. Let x = 48 + r. What are the prime factors of x?
2, 7
Let v(t) = -t**3 - 27*t**2 - 32*t + 21. List the prime factors of v(-26).
3, 59
Let m = 1909 + -629. What are the prime factors of m?
2, 5
Let d = 217 - 313. Suppose 162 = 3*n - 360. Let g = n + d. What are the prime factors of g?
2, 3, 13
Suppose 66068 = 20*p - 6352. List the prime factors of p.
3, 17, 71
Suppose -4*r = 165 + 83. Let o = 144 + r. What are the prime factors of o?
2, 41
Suppose 2 = -2*x - 2*h, -5*h - 40 = -x - 11. Let w(f) = 3*f**2 - 6*f + 3. Let u be w(x). List the prime factors of u/6*16/3.
2, 3
Let k = 37 + -26. Suppose 10 = 13*x - k*x. What are the prime factors of (7 + -2)*(x + -4)?
5
Let u be (10/3)/(2/(-21)). List the prime factors of (-14)/u + 156/10.
2
Let r(i) = -6*i + 19. Let s be (-40)/(0 + 4)*1. List the prime factors of r(s).
79
Let t(o) = 3*o**3 - 4*o**2 + 4*o - 3. Let k be t(2). Suppose v - 3*c = 32 + k, 0 = 5*v + 3*c - 171. What are the prime factors of v?
2, 3
Let z(x) = 11*x**3 - 9*x**2 - 9*x + 240. Let d(f) = 5*f**3 - 4*f**2 - 4*f + 120. Let i(o) = 9*d(o) - 4*z(o). List the prime factors of i(0).
2, 3, 5
Suppose -2*w + 67 = -83. List the prime factors of w.
3, 5
Let h(u) = -u**2 + 17*u - 16. Let g be h(16). Suppose 0 = 5*p - k - 125, g = 2*p - 7*p + 2*k + 130. List the prime factors of p.
2, 3
Let t = -27 - -13. Let n be 2928/28 - 6/t. Suppose -z - 5*a + 15 = 0, -5*a = -3*z - 0*a + n. What are the prime factors of z?
2, 3, 5
Suppose 794 = 9*j - 9610. List the prime factors of j.
2, 17
Let r(k) = 5*k**3 - 71*k**2 + k + 13. Let y(n) = -3*n**3 + 35*n**2 - n - 6. Let i(m) = -3*r(m) - 7*y(m). List the prime factors of i(6).
3, 19
Let c(m) = -2*m - 20. Let i be c(-13). What are the prime factors of (3/i)/(1 - (-270)/(-272))?
2, 17
Suppose -j = -4*j + 18. Suppose -j = 5*b - 141. What are the prime factors of b?
3
Let r = 639 - 552. What are the prime factors of r?
3, 29
Suppose 82 = -l + 593. List the prime factors of l.
7, 73
List the prime factors of (42/(-12))/(((-2)/124)/1).
7, 31
Let v be (108 - 4) + (1 - (-1)/(-1)). Let u be (31 + -2)/((-3)/6). Let p = v + u. List the prime factors of p.
2, 23
Let d = -800 - -831. List the prime factors of d.
31
Suppose z - 3 = 0, -6*p - 3*z + 2934 = -3*p. Suppose 12*j - 25*j = -p. List the prime factors of j.
3, 5
Let o be (32/10)/(2/(-335)). Let x = -354 - o. List the prime factors of x.
2, 7, 13
Suppose -116 - 57 = -j. Let t = j + -114. Suppose -3*r = -2*r - t. What are the prime factors of r?
59
Suppose 0 = -73*j + 67*j + 3132. What are the prime factors of j?
2, 3, 29
Suppose -3*l = 3*k - 831, 0 = l - 3 + 8. List the prime factors of (12/8 - 2)/((-1)/k).
3, 47
Suppose -4*x - 222 = 5*o - 0*x, -2*o = -4*x + 72. Let t = o + -147. List the prime factors of t/(-18) - 1/(-2).
11
Let m be ((-2)/3)/((-14)/1260). Let r be (65/39)/((-1)/m). What are the prime factors of r/(-14) - 2/14?
7
Suppose -5*f - 4*m = -829, 0*f + 2*f - m - 342 = 0. Suppose -2*q - f = 67. What are the prime factors of 8/32 - q/8?
3, 5
Let p = 12 + 369. List the prime factors of p.
3, 127
What are the prime factors of 2/(-7 + (-37854)/(-5406))?
17, 53
What are the prime factors of (-24)/(-48) + (-5902)/(-4) - 6?
2, 3, 5, 7
Let n be (2 - 1)/(5/(-25)). Let u(z) = -13*z - 21. List the prime factors of u(n).
2, 11
Let i = -2388 + 4104. What are the prime factors of i?
2, 3, 11, 13
Let c(m) = -156*m. Let a be c(1). Let k = -108 - a. List the prime factors of k.
2, 3
What are the prime factors of (-17)/(102/(-1200)) + (-4 - -2)?
2, 3, 11
Let m(o) be the second derivative of -o**5/20 + 23*o**4/12 - 5*o**3/2 - 23*o**2/2 + o. List the prime factors of m(22).
131
Let s be -3*(-2)/3 + -1. Let y be s*(4 + -8) - -7. Suppose -y*j = -13 - 56. List the prime factors of j.
23
Let b(x) = x**3 + 2*x**2 + 5*x - 2. Let f be b(5). Suppose n = -3*w + f, n + 264 = -w + 5*w. List the prime factors of w.
2, 3, 11
Suppose -14*l + 12*l = 0. What are the prime factors of l/((-3)/(-3)*1) - -163?
163
Let l(w) = 24*w - 6. Let y be l(5). Let r = y + -67. List the prime factors of r.
47
Let m be -18 + ((-6)/(-3)